- 2*k + 1. Determine p(1).
36
Let n(r) = -r**3 - 134*r**2 + 131*r - 537. Give n(-135).
3
Let w(z) = z**3 - 71*z**2 - 70*z - 165. What is w(72)?
-21
Let q(i) = 12*i**2 + 24*i + 49. What is q(-2)?
49
Let y(q) = -q**3 - 20*q**2 + 14*q - 61. Calculate y(-20).
-341
Let p(r) = -4*r**2 - 10*r - 16. Calculate p(-7).
-142
Let x(j) = j**2 - 30*j - 83. What is x(-10)?
317
Let t(m) = -4*m + 394. What is t(42)?
226
Let j(n) = -2*n**3 + 23*n**2 - 68*n + 11. Calculate j(8).
-85
Let h(a) = -13*a + 141. Calculate h(11).
-2
Let g(r) = -r**2 - 25*r + 570. Determine g(15).
-30
Let b(p) = p**2 + 7*p - 300. Give b(-22).
30
Let g(m) = -2323*m + 30206. What is g(13)?
7
Let l(g) = -g**2 - 43*g - 44. Calculate l(-1).
-2
Let x(m) = 78*m - 437. What is x(6)?
31
Let p(c) = -183*c**3 + 3*c**2 + c - 4. Give p(1).
-183
Let d(w) = 19*w**2 - 16*w - 13. Calculate d(0).
-13
Let j(a) = a**2 + 67*a + 1074. Determine j(-38).
-28
Let l(j) = 20*j + 662. Calculate l(-34).
-18
Let b(u) = -6*u**2 - 28*u - 15. Give b(-4).
1
Let j(c) = c**2 - 17*c + 25. What is j(19)?
63
Let d(w) = -22*w**2 + 10*w + 12. What is d(-1)?
-20
Let i(p) = -p**2 + 624*p - 10319. Calculate i(17).
0
Let x(s) = -5*s**2 - 143*s - 548. Give x(-5).
42
Let l(z) = -4*z**3 - 2*z**2 - 5*z - 20. Calculate l(-3).
85
Let v(t) = -5*t**2 + 44*t - 112. Give v(4).
-16
Let c(f) = 6*f**2 - 99*f - 324. What is c(20)?
96
Let z(h) = -5*h**2 - 36*h + 81. Calculate z(-9).
0
Let t(i) = -2*i**3 + 520*i**2 + 4288*i + 23. What is t(268)?
23
Let o(c) = -5*c**3 + c - 1. Give o(-2).
37
Let b(j) = -141*j - 42. Determine b(0).
-42
Let c(n) = -n**3 + 16*n**2 - 58*n - 22. What is c(7)?
13
Let s(v) = -v**2 + 545*v - 2164. Calculate s(4).
0
Let b(l) = -50*l + 1317. What is b(27)?
-33
Let p(v) = 3*v**3 - 33*v**2 + 68*v + 22. Calculate p(8).
-10
Let g(t) = -32*t - 12. Determine g(-8).
244
Let j(b) = 2*b**2 - 97*b + 760. Determine j(10).
-10
Let o(i) = i**2 + 142*i - 3134. Give o(19).
-75
Let m(u) = u**2 - 21*u + 26. Calculate m(18).
-28
Let q(p) = p**2 - 74*p - 7. Determine q(76).
145
Let g(b) = -b**3 + 50*b**2 + 110*b - 120. Give g(52).
192
Let y(b) = -2*b**3 + b**2 - 69*b + 192. Determine y(3).
-60
Let m(i) = -136*i**3 - 4*i**2 - i - 1. Give m(-1).
132
Let c(u) = u**2 - 40*u + 292. Determine c(9).
13
Let g(d) = d**3 + 15*d**2 + 45*d - 22. Determine g(-5).
3
Let w(n) = -5*n**2 + 136*n + 117. What is w(28)?
5
Let c(w) = -w**2 + 78*w - 439. Determine c(6).
-7
Let f(x) = x**3 + 24*x**2 + 2*x - 95. Determine f(-24).
-143
Let o(g) = -g**3 + 11*g**2 - 15*g - 67. Determine o(5).
8
Let k(r) = 3*r**3 - 87*r**2 + 75*r + 203. Give k(28).
-49
Let b(w) = -14*w - 746. Calculate b(-39).
-200
Let j(l) = 170*l - 136. Give j(3).
374
Let v(h) = -12*h**2 + 20*h. What is v(5)?
-200
Let x(a) = a**3 + 30*a**2 + 15*a - 44. Determine x(-29).
362
Let b(z) = 96*z + 1752. Give b(-18).
24
Let f(g) = 6*g**2 + 368*g + 122. Calculate f(-61).
0
Let v(j) = -3*j**2 + 48*j - 44. Calculate v(11).
121
Let g(n) = -394*n + 3716. Calculate g(8).
564
Let d(y) = y**3 - 56*y**2 - 717*y - 1341. What is d(67)?
-1
Let k(a) = -110661*a - 110657. Calculate k(-1).
4
Let d(m) = 10*m**2 - 32*m + 19. Determine d(3).
13
Let p(m) = -m**3 + 62*m**2 + 95*m - 2063. Calculate p(63).
-47
Let b(k) = -28*k + 840. What is b(21)?
252
Let d(o) = -14*o - 77. Calculate d(-18).
175
Let i(l) = -l**3 + 26*l**2 - 92*l + 1055. Calculate i(24).
-1
Let g(i) = -7*i**2 - 120*i + 12. What is g(-16)?
140
Let m(j) = 9*j**2 - 100*j + 336. What is m(3)?
117
Let i(v) = 2*v**2 + 23*v - 35. Calculate i(-15).
70
Let z(t) = 13*t**2 + 79*t - 11. Determine z(-8).
189
Let q(h) = -110*h - 30. Give q(-1).
80
Let s(r) = r**2 - 249*r + 3312. Determine s(14).
22
Let q(b) = b**2 - 119*b - 9311. Give q(-54).
31
Let y(p) = -p**2 + 12*p + 1. Determine y(11).
12
Let p(s) = s**2 + 418*s + 1649. Determine p(-4).
-7
Let a(p) = 2*p**3 + 23*p**2 + 58*p + 11. Determine a(-9).
-106
Let o(a) = 119*a + 2963. Determine o(-25).
-12
Let i(n) = -37646*n + 150590. Give i(4).
6
Let s(i) = 64*i - 910. Determine s(15).
50
Let n(j) = -18*j**2 + 63*j - 25. Determine n(3).
2
Let h(l) = 2*l**2 + 34*l - 5. What is h(-17)?
-5
Let y(b) = 30*b + 531. Determine y(-17).
21
Let m(j) = 4*j**2 + 16*j - 314. Determine m(7).
-6
Let x(y) = -y**3 - 9*y**2 - 15*y - 17. Determine x(-7).
-10
Let u(v) = 20*v + 363. What is u(-21)?
-57
Let t(n) = -232*n + 15319. Calculate t(66).
7
Let v(p) = p**2 - 72*p + 1045. What is v(20)?
5
Let j(o) = o**2 + 31*o + 67. Determine j(-30).
37
Let h(u) = 215*u - 7. Give h(-3).
-652
Let m(a) = 3*a**2 + 2*a - 10. Determine m(-9).
215
Let n(s) = -27*s + 3494. Give n(129).
11
Let c(o) = 254*o**2 - 3*o. What is c(1)?
251
Let y(d) = -5*d**2 + 143*d - 65. Calculate y(28).
19
Let g(y) = -30*y - 454. Determine g(-13).
-64
Let k(m) = -m**3 + 141*m**2 - 1309*m - 11. Give k(10).
-1
Let c(n) = -2*n**2 - 36. Determine c(-7).
-134
Let l(p) = -p**2 + 5*p - 4. Determine l(7).
-18
Let g(j) = -259*j + 961. Calculate g(4).
-75
Let l(y) = 3*y**3 + 14*y**2 - 18*y + 9. Calculate l(-6).
-27
Let t(y) = 22*y - 219. Give t(11).
23
Let p(f) = 3*f**2 + 115*f - 354. Determine p(3).
18
Let a(f) = 3779*f + 41561. Give a(-11).
-8
Let y(s) = s**3 - 43*s**2 + s + 199. Determine y(43).
242
Let r(d) = -22*d**2 - 134*d + 7. Give r(-6).
19
Let z(r) = -32*r + 253. Calculate z(8).
-3
Let d(k) = -k**3 - 11*k**2 + 29*k - 25. What is d(-13)?
-64
Let n(q) = q**3 + 11*q**2 + 27*q + 11. Determine n(-8).
-13
Let x(n) = n**2 + 4*n - 2. Determine x(-8).
30
Let t(s) = -10*s - 600. Determine t(-75).
150
Let z(j) = 36*j**2 + 26*j + 24. Give z(-1).
34
Let g(c) = 78*c**2 - 222*c - 13. Determine g(3).
23
Let o(f) = 2*f**3 - 28*f**2 - 104*f - 73. Determine o(17).
-107
Let v(b) = 657*b - 5258. Determine v(8).
-2
Let s(v) = -v**2 - 64*v - 637. What is s(-51)?
26
Let c(b) = 10*b - 567. Calculate c(74).
173
Let b(z) = -z**2 + 10*z + 15. What is b(11)?
4
Let x(k) = -k**3 + 43*k**2 - 22*k + 1033. Calculate x(43).
87
Let f(i) = -69*i + 100. Calculate f(2).
-38
Let z(q) = -q**3 - 13*q**2 + 1080*q - 2. What is z(27)?
-2
Let m(p) = -p**3 - 6*p**2 - 22*p - 194. Calculate m(-7).
9
Let w(d) = -d**3 + 36*d**2 - 128*d + 25. Determine w(32).
25
Let r(c) = 6*c**2 + 2*c - 228. Determine r(6).
0
Let v(p) = p**2 - 22*p + 58. What is v(-12)?
466
Let a(y) = -3*y**3 - 6*y**2 - 35*y - 129. Calculate a(-3).
3
Let w(q) = q**3 - 3*q**2 - 7*q + 2. Calculate w(6).
68
Let o(q) = -3*q**3 + 20*q**2 + 27*q. Determine o(8).
-40
Let t(l) = -l**3 + 7*l**2 + 68*l - 393. Give t(6).
51
Let a(j) = -19*j + 592. Determine a(34).
-54
Let g(h) = 23737*h - 94951. Give g(4).
-3
Let p(a) = -a**2 - 58*a - 798. Calculate p(-25).
27
Let k(o) = 2*o**3 - 8*o**2 - 255*o + 1231. Determine k(5).
6
Let b(a) = a**2 + 30*a + 3. What is b(4)?
139
Let f(t) = 2*t**3 + 30*t**2 + 44*t + 16. Determine f(-13).
120
Let u(n) = -n**3 - 8*n**2 - 9*n - 1. What is u(-7)?
13
Let n(k) = -84*k - 1963. What is n(-23)?
-31
Let z(s) = s**3 + 5*s**2 + 21*s + 86. Calculate z(-7).
-159
Let b(h) = h**3 - 61*h + 33. Calculate b(-8).
9
Let o(q) = -2*q**3 - 28*q**2 + 359*q + 58. Calculate o(-22).
-96
Let d(n) = -47*n**2 - 11*n + 42. What is d(4)?
-754
Let w(n) = -120*n + 4255. Determine w(35).
55
Let m(s) = 282*s - 22544. Give m(80).
16
Let t(b) = 705*b + 33. Determine t(-1).
-672
Let q(g) = 131*g - 1599. Determine q(14).
235
Let p(j) = 3807*j - 30462. Calculate p(8).
-6
Let j(d) = -d**2 + 37*d - 298. Calculate j(0).
-298
Let n(a) = -65*a - 3788. What is n(-58)?
-18
Let i(p) = 3*p**2 + 194*p - 1118. What is i(-70)?
2
Let r(s) = 11*s**2 - 132*s + 131. Calculate r(1).
10
Let g(b) = 15*b - 38. Give g(-18).
-308
Let u(j) = -1550*j + 40305. Give u(26).
5
Let l(c) = -16711*c + 33443. Determine l(2).
21
Let g(p) = 45*p + 304. Give g(-24).
-776
Let k(w) = 385*w + 41. Determine k(-1).
-344
Let b(l) = 2*l**2 - 478*l + 13932. What is b(34)?
-8
Let u(d) = 6*d**2 + 20*d - 498. What is u(-11)?
8
Let u(j) = 3*j**2 + 190*j + 2074. What is u(-11)?
347
Let p(i) = -860*i + 118693. What is p(138)?
13
Let c(v) = -v**2 - 403*v - 40590. What is c(-199)?
6
Let h(t) = -3*t**2 - 11*t - 2. Calculate h(-4).
-6
Let h(f) = -f**3 + 5*f**2 - 13*f + 44. What is h(8)?
-252
Let h(u) = 189*u + 791. What is h(-4)?
35
Let j(a) = 3*a**2 + 185*a - 644. Give j(-65).
6
Let y(o) = 7*o**2 + 59*o + 22. Give y(-9).
58
Let l(s) = 